3
Let k = -208 + 210. Suppose 2*p + k*l - 1748 = 0, 2*p + 724 = -4*l + 2474. What are the prime factors of p?
3, 97
Let n(f) = -25*f**2 - 1137*f - 17. List the prime factors of n(-40).
3, 607
Suppose 5*o - 5 = 0, 0 = -2*c + 2*o - 2 + 4. Suppose -446 = -3*h + 5*q, 2*q = -7*h + c*h + 733. List the prime factors of h.
3, 7
Let d be 2/3*-1*696/8. What are the prime factors of ((5 - 10) + 4)*d?
2, 29
Let k = 3162 - 1235. What are the prime factors of k?
41, 47
Let m = -2670 - -5119. List the prime factors of m.
31, 79
Let g = -98 + 545. Let r = 1123 - g. What are the prime factors of r?
2, 13
Suppose -15 = -3*z, 11*h + 9*z - 13*z - 367798 = 0. What are the prime factors of h?
2, 3, 5573
Suppose 0 = 5*z - y - 61747, 0 = -642*z + 641*z - 4*y + 12341. List the prime factors of z.
53, 233
Let r be (-3)/(3 - 6 - -7) + (-3969)/(-12). Let x(p) = 35*p - 1. Let d be x(4). Let v = r - d. What are the prime factors of v?
191
Let y(k) = -9 + 39 + 15 + 13*k - 6*k. What are the prime factors of y(8)?
101
Suppose -4*m + 4*p + 2312 = 0, 2*m = 4*p + 1374 - 222. Suppose -4*y = -176 - m. List the prime factors of y.
3, 7
Let g be (-3 - -2)*-1127 + -5. Suppose 5*j + 5*y = 2445, 2*j + 5*y - g = -138. List the prime factors of j.
487
Let p(w) = -5*w**2 + 119*w + 17. Let i be p(23). Suppose -100*q = -i*q + 14859. What are the prime factors of q?
13, 127
Suppose -14*q + 5698 = -12*q + 2*y, 4*y = -5*q + 14244. List the prime factors of q.
2, 89
What are the prime factors of 3/27*6*(-5821677)/(-146)?
3, 8861
Suppose -4092 = -86*z + 82*z. List the prime factors of (-7)/(21/z)*-1.
11, 31
Suppose 44 = 6*i - 16. Let a be -2 - (-754)/i - (-10)/(-25). Suppose -4*n = -7*g + 3*g - 304, 2*g - a = -n. List the prime factors of n.
3, 5
Let n(g) = -2*g**3 + 15*g**2 - 3*g - 25. Let w be n(9). Let q = 704 + w. What are the prime factors of q?
409
Let a = -9659 - -13839. List the prime factors of a.
2, 5, 11, 19
Suppose 25*u - 3*l = 26*u - 7321, l = 4*u - 29232. List the prime factors of u.
7309
Let a(b) = -6105*b - 1154. What are the prime factors of a(-4)?
2, 11633
Let b(x) = 3*x**3 - 6*x**2 + 15*x - 8. Let f be b(3). Suppose 0 = 42*d - 41*d - f. List the prime factors of d.
2
Let l be ((-2)/4)/(((-20)/(-3832))/(-5)). Let d = 612 + l. What are the prime factors of d?
1091
Let p(l) = l + 1. Let y be p(-3). Let r(o) = -143*o - 9. List the prime factors of r(y).
277
Let z = 447 + -157. Suppose -2*m - z = -7*m. Suppose 5*y - 382 - m = 0. What are the prime factors of y?
2, 11
Let w = -35 - -53. Suppose 5*v + w = z, 3*v - 27 = -5*z + 7*v. Let m(a) = 2*a**3 + 2*a + 2. List the prime factors of m(z).
2, 31
Let y(o) = 2*o + 32. Let t be y(-13). Suppose -4*f + 14 + t = 0, 0 = -5*k - 2*f + 680. Suppose -24*v + k = -23*v. What are the prime factors of v?
2, 67
Let i be (-4)/14 - (-6536)/(-56). List the prime factors of (18/i + 8563/(-26))*-2.
659
Let s(w) = 3*w**3 + 11*w**2 - 7*w + 15. Let f be s(5). Let c = 952 - f. List the prime factors of c.
2, 7, 23
Let h = -26452 + 43450. What are the prime factors of h?
2, 3, 2833
Let y(l) = l**3 - 7*l - 1. Let x be y(3). Let h = 8 - x. Suppose 2*o + 0*o + 3*m - 314 = 0, 452 = h*o - 5*m. List the prime factors of o.
2, 7, 11
Let d be 62/155 + (-1092)/5. Let h = 938 + d. List the prime factors of h.
2, 3, 5
Let w be 24/90*-3 - (-137502)/15. Suppose -41*d - 925 = -w. What are the prime factors of d?
3, 67
Let c(k) = -8*k + 98. Let i be c(12). Suppose l = 4*x - 2493, -i*l - 2903 = -5*x + 214. What are the prime factors of x?
7, 89
Let d = 128 - 40. Let f = d + -29. Let m = 151 - f. What are the prime factors of m?
2, 23
Suppose -2*z + l = -7737, -73*l + 5 = -74*l. List the prime factors of z.
2, 1933
Suppose 10*z - 3433 = -j + 2316, -4*z - 32 = 0. What are the prime factors of j?
3, 29, 67
Suppose -55*w = -30*w - 424073 - 352. What are the prime factors of w?
3, 5659
Let d(a) = -34*a + 3. Let u(y) = y - 1. Let g(o) = 3*d(o) + 6*u(o). Let t be g(-2). Let q = 300 - t. List the prime factors of q.
3, 5, 7
Let i(o) = o + 9 + 2*o + 26. Let d be i(-11). What are the prime factors of (57/d)/((-42)/(-112))?
2, 19
Let q be (-154)/(-99) - (-8)/18. Let d(f) = 10*f - 18. Let k be d(q). Suppose k*g + 15 = 87. List the prime factors of g.
2, 3
Let y = -30322 - -62465. What are the prime factors of y?
32143
List the prime factors of (-82 + 92)*68424/10.
2, 3, 2851
What are the prime factors of (((-24)/10)/2)/(-11 - (-78516)/7140)?
3, 7, 17
Suppose -71*o - 44 = -67*o. List the prime factors of (-10)/(o - -6) - -103.
3, 5, 7
Let h(d) = -30*d - 120. Let j be h(-4). Suppose -2*b = q - 0*q - 5, 16 = 4*b - 4*q. Suppose u + b*x - 12 = 0, j*u + 22 = u + x. List the prime factors of u.
3
Let a(j) = 103*j**3 - j**2 - 124*j + 846. What are the prime factors of a(8)?
2, 26263
Let k(p) = 4210*p**3 - 21*p**2 + 20*p + 3. What are the prime factors of k(1)?
2, 3, 13
Let d = 225 - 222. Suppose -2*s - 60 = -a + 13, 237 = 3*a + d*s. What are the prime factors of a?
7, 11
List the prime factors of (3545/(-1))/(123/(-1722)).
2, 5, 7, 709
Let s = 69 + -63. Let m(g) = -2*g**3 + 4*g**2 + 11*g + 2. Let u be m(s). Let f = -147 - u. List the prime factors of f.
73
Let p = -445 + 448. Suppose 3*l + 1824 = p*i - 0*l, -5*l = 5*i - 3000. What are the prime factors of i?
2, 151
Let m(v) = -27*v - 95. Let u be m(-5). What are the prime factors of (-4572)/8*u/(-30)?
2, 3, 127
Let u(j) be the third derivative of -j**5/60 - j**4/8 + j**3 + 9*j**2. Let y be u(-3). What are the prime factors of y/(-4) - 684/(-8)?
2, 3, 7
Let v(d) be the second derivative of d**5/20 - 11*d**4/12 - 2*d**3 + 19*d**2/2 + 18*d. Let i be v(12). Let g(q) = 5*q + 16. What are the prime factors of g(i)?
3, 37
Let k(t) = 12*t**3 - t**2 - 2*t + 4. Let h be k(1). Let f(q) = q**3 - 10*q**2 - 15*q + 27. List the prime factors of f(h).
3, 113
Let c(y) = 17*y**3 + 5*y**2 - 49*y + 264. What are the prime factors of c(9)?
3, 7, 601
Suppose 0 = 5*x + 1448 + 587. Let d = x + 589. List the prime factors of d.
2, 7, 13
Let u = 879 + 4935. List the prime factors of u.
2, 3, 17, 19
Let h(t) = -t**3 - 29*t**2 - 41*t + 43. Let x be h(-27). Let r = -79 - x. List the prime factors of r.
229
Suppose -3*t - 2*t - 2*d = -192167, -3*t + 4*d + 115321 = 0. List the prime factors of t.
5, 7687
Suppose 79*y + 14044 = 3*m + 80*y, 2*y = -10. List the prime factors of m.
3, 7, 223
Let d(z) = -z**3 - 6*z**2 + 2*z + 12. Let t = 131 - 140. List the prime factors of d(t).
3, 79
What are the prime factors of 8102*1*(16/14 + (-140)/980)?
2, 4051
Suppose 0 = 2*w + 5*t - 5, -3*w - 3 = -4*t + t. Suppose g - 3*p + w*p - 387 = 0, 2*g - 794 = -4*p. What are the prime factors of g?
3, 131
Suppose -3*c = -2*p - 25648, -11*p = c - 12*p - 8548. List the prime factors of c.
2, 1069
List the prime factors of 4*(546749/370 - (-6)/20).
2, 739
Suppose 60*n = 31*n + 242266. What are the prime factors of n?
2, 4177
Suppose -3*j + 2*c = 27 + 18, 0 = 4*j + 2*c + 60. Let s(t) = t**2 + 4*t + 137. List the prime factors of s(j).
2, 151
Let i(v) = -5*v**3 - 19*v**2 - 3*v - 15. Let w(z) = 4*z**3 + 19*z**2 + 4*z + 15. Let x(j) = 3*i(j) + 4*w(j). List the prime factors of x(-18).
3, 71
Suppose 0 = 9*y - 94*y + 2241195. What are the prime factors of y?
3, 11, 17, 47
Let h(f) = 13*f**2 + 382*f + 81. List the prime factors of h(49).
2, 12503
Suppose 4*o = -16, 83*o - 78416 = -3*d + 79*o. What are the prime factors of d?
2, 19, 43
Let c(r) = -14*r + 7 - 26*r - 26*r - 3*r. Let m be c(3). What are the prime factors of ((-16)/(-10))/((-10)/m)?
2
Suppose 0 = 5*d + 3*i + 27, 5*d - i + 5*i = -31. Let u(m) = 43*m**2 + 3*m + 1. What are the prime factors of u(d)?
379
List the prime factors of -5 - -6 - ((-1317)/(-3) - 0)*-30.
13171
Suppose -11*b = -30*b + 190. List the prime factors of 1*303 + -5*6/b.
2, 3, 5
Suppose 3*j = -6*j + 126. Suppose 0 = -j*k + 10666 - 586. What are the prime factors of k?
2, 3, 5
Let u = -723 - -733. Suppose -3*t + 3522 = 4*x, -2639 = -3*x + u*t - 11*t. List the prime factors of x.
3, 293
Suppose 7*z = 3272 - 703. Let u = -256 + z. List the prime factors of u.
3, 37
Suppose 0 = 4*x - 5*u - 264061, 545*x - 4*u - 198044 = 542*x. List the prime factors of x.
2, 3, 7, 131
Suppose 2*q = i + 18, 0 = -3*q - 0*q + 2*i + 29. What are the prime factors of 30 - 25/(q + -2)?
5
Let g = -1735